of 532?
False
Is 140 a multiple of 7?
True
Is 11 a factor of 572?
True
Is 8964 a multiple of 19?
False
Is 6 a factor of 2349?
False
Does 33 divide 528?
True
Is 7140 a multiple of 60?
True
Is 28314 a multiple of 33?
True
Does 31 divide 231?
False
Is 32 a factor of 44352?
True
Is 26195 a multiple of 13?
True
Is 48 a factor of 7591?
False
Is 10 a factor of 7620?
True
Is 33 a factor of 44055?
True
Does 56 divide 728?
True
Is 32 a multiple of 3?
False
Is 15 a factor of 533?
False
Does 5 divide 9400?
True
Is 15 a factor of 2025?
True
Is 167 a factor of 40170?
False
Is 15 a factor of 34?
False
Is 29 a factor of 4524?
True
Is 186 even?
True
Is 11748 a multiple of 44?
True
Is 25 a factor of 19650?
True
Does 57 divide 1140?
True
Is 5460 a multiple of 78?
True
Is 18 a factor of 2893?
False
Is 1128 a multiple of 6?
True
Is 13 a factor of 1326?
True
Does 5 divide 4198?
False
Is 17 a factor of 2499?
True
Is 1126 a multiple of 8?
False
Is 9667 a multiple of 45?
False
Does 347 divide 40946?
True
Is 15 a factor of 720?
True
Is 2 a factor of 1894?
True
Is 3 a factor of 168?
True
Does 42 divide 381?
False
Is 4291 a multiple of 17?
False
Is 11 a factor of 4147?
True
Does 108 divide 16077?
False
Is 1378 a multiple of 13?
True
Does 12 divide 1128?
True
Does 29 divide 522?
True
Is 10 a factor of 90?
True
Is 2272 a multiple of 7?
False
Is 5 a factor of 272?
False
Is 240 a factor of 6240?
True
Does 23 divide 702?
False
Is 7 a factor of 1141?
True
Is 24165 a multiple of 9?
True
Is 8576 a multiple of 134?
True
Is 12657 a multiple of 3?
True
Is 37 a factor of 23754?
True
Is 3784 a multiple of 43?
True
Is 5 a factor of 450?
True
Is 3 a factor of 1404?
True
Is 20870 a multiple of 47?
False
Is 41 a factor of 391?
False
Is 1335 a multiple of 15?
True
Is 327 a multiple of 13?
False
Is 17 a factor of 92364?
False
Is 170 a multiple of 34?
True
Is 5936 a multiple of 4?
True
Is 858 a multiple of 66?
True
Does 8 divide 5192?
True
Is 1967 a multiple of 125?
False
Does 5 divide 331?
False
Is 64755 a multiple of 9?
True
Is 53088 a multiple of 224?
True
Is 520 a multiple of 8?
True
Is 2350 a multiple of 10?
True
Is 126 a factor of 28854?
True
Is 2708 a multiple of 130?
False
Does 19 divide 27949?
True
Is 81 a multiple of 2?
False
Is 54 a factor of 8046?
True
Is 3169 a multiple of 29?
False
Is 20806 a multiple of 34?
False
Is 13 a factor of 96843?
False
Is 1000 a multiple of 25?
True
Is 13232 a multiple of 16?
True
Is 552 a multiple of 4?
True
Is 364 a multiple of 77?
False
Does 6 divide 15831?
False
Does 3 divide 8111?
False
Is 2605 a multiple of 5?
True
Does 55 divide 6050?
True
Does 79 divide 21438?
False
Is 40047 a multiple of 28?
False
Is 16 a factor of 5648?
True
Is 1076 a multiple of 26?
False
Is 47 a factor of 693?
False
Is 6 a factor of 1524?
True
Does 4 divide 716?
True
Is 27 a factor of 2592?
True
Is 15535 a multiple of 97?
False
Is 1140 a multiple of 15?
True
Is 943 a multiple of 23?
True
Is 19 a factor of 1526?
False
Is 240 a multiple of 48?
True
Does 33 divide 417?
False
Does 5 divide 65?
True
Does 19 divide 1482?
True
Does 15 divide 7035?
True
Is 6233 a multiple of 23?
True
Is 17 a factor of 7854?
True
Is 13572 a multiple of 78?
True
Is 31 a multiple of 4?
False
Is 32400 a multiple of 48?
True
Is 713 a multiple of 31?
True
Is 6696 a multiple of 124?
True
Is 13 a factor of 11375?
True
Is 160 a factor of 11987?
False
Is 32468 a multiple of 162?
False
Does 235 divide 22732?
False
Does 6 divide 204?
True
Does 7 divide 4254?
False
Does 4 divide 84?
True
Is 343 a multiple of 4?
False
Is 2040 a multiple of 24?
True
Is 1328 a multiple of 57?
False
Does 6 divide 2731?
False
Is 357 a multiple of 55?
False
Is 345 a multiple of 5?
True
Is 47 a factor of 1034?
True
Is 9 a factor of 306?
True
Is 61 a factor of 15433?
True
Is 1024 a multiple of 32?
True
Is 20 a factor of 550?
False
Does 10 divide 66093?
False
Does 9 divide 755?
False
Does 4 divide 1744?
True
Is 26 a factor of 105281?
False
Is 9191 a multiple of 7?
True
Is 14 a factor of 18096?
False
Does 242 divide 44770?
True
Is 802 a multiple of 31?
False
Does 30 divide 2840?
False
Does 25 divide 150?
True
Is 103 a factor of 1920?
False
Is 690 a multiple of 32?
False
Does 235 divide 44999?
False
Is 19922 a multiple of 4?
False
Does 26 divide 112?
False
Does 21 divide 11655?
True
Is 18 a factor of 3175?
False
Is 70 a factor of 470?
False
Is 123 a factor of 12679?
False
Does 7 divide 1022?
True
Does 103 divide 4429?
True
Does 16 divide 2112?
True
Is 15 a factor of 264?
False
Is 11 a factor of 1053?
False
Is 1754 a multiple of 18?
False
Is 2227 a multiple of 5?
False
Does 23 divide 124?
False
Does 9 divide 36197?
False
Is 35 a factor of 1426?
False
Is 80 a factor of 5148?
False
Is 6 a factor of 318?
True
Is 15 a factor of 503?
False
Is 105 a factor of 31439?
False
Is 10659 a multiple of 33?
True
Does 8 divide 200?
True
Is 21 a factor of 7812?
True
Is 49 a factor of 27652?
False
Is 60 a factor of 14280?
True
Is 932 a multiple of 3?
False
Does 95 divide 2470?
True
Does 55 divide 461?
False
Is 58 a factor of 7031?
False
Does 88 divide 20240?
True
Is 2081 a multiple of 116?
False
Is 9977 a multiple of 11?
True
Does 37 divide 2183?
True
Is 67 a factor of 201?
True
Does 16 divide 3392?
True
Does 15 divide 336?
False
Is 31 a factor of 8432?
True
Is 1367 a multiple of 49?
False
Is 880 a multiple of 8?
True
Does 35 divide 4016?
False
Is 6 a factor of 3256?
False
Does 42 divide 42?
True
Is 31 a factor of 1147?
True
Is 816 a multiple of 34?
True
Is 380 a multiple of 19?
True
Does 51 divide 2003?
False
Is 45 a factor of 1395?
True
Is 65 a factor of 28730?
True
Is 7 a factor of 387?
False
Is 11229 a multiple of 10?
False
Does 48 divide 2496?
True
Is 31 a factor of 1326?
False
Is 3560 a multiple of 10?
True
Does 7 divide 210?
True
Is 46 a factor of 64185?
False
Is 52 a factor of 6760?
True
Is 45 a factor of 9553?
False
Does 37 divide 6660?
True
Does 39 divide 1794?
True
Is 2336 a multiple of 3?
False
Does 9 divide 264?
False
Is 2 a factor of 4478?
True
Does 31 divide 7810?
False
Is 5 a factor of 1245?
True
Does 15 divide 2760?
True
Is 31 a factor of 2480?
True
Is 896 a multiple of 14?
True
Does 74 divide 85988?
True
Does 12 divide 4800?
True
Does 72 divide 9288?
True
Is 2962 a multiple of 7?
False
Is 62194 a multiple of 22?
True
Does 23 divide 610?
False
Does 4 divide 527?
False
Is 1770 a multiple of 26?
False
Is 8118 a multiple of 82?
True
Is 11 a factor of 3236?
False
Is 6907 a multiple of 12?
False
Does 6 divide 2243?
False
Does 21 divide 2100?
True
Is 5 a factor of 138?
False
Is 2462 a multiple of 12?
False
Does 22 divide 1012?
True
Does 16 divide 5664?
True
Is 555 a multiple of 37?
True
Does 11 divide 330?
True
Does 3 divide 1152?
True
Is 11 a factor of 15235?
True
Does 50 divide 1583?
False
Is 104 a multiple of 26?
True
Is 1848 a multiple of 21?
True
Is 7 a factor of 4683?
True
Does 10 divide 1880?
True
Does 74 divide 47878?
True
Is 4256 a multiple of 38?
True
Does 14 divide 90954?
False
Is 21271 a multiple of 89?
True
Does 11 divide 3294?
False
Is 477 a multiple of 53?
True
Is 8200 even?
True
Is 141 a factor of 2820?
True
Is 30 a factor of 24538?
False
Is 1659 even?
False
Is 40 a factor of 3216?
False
Does 10 divide 90?
True
Is 15093 a multiple of 351?
True
Is 14210 a multiple of 3?
False
Is 2719 a multiple of 27?
False
Is 7 a factor of 12397?
True
Is 5214 a multiple of 66?
True
Does 45 divide 46305?
True
Is 299 a factor of 13455?
True
Is 11 a factor of 1287?
True
Is 13 a factor of 967?
False
Is 5 a factor of 316?
False
Is 57 a factor of 15177?
False
Does 17 divide 3196?
True
Is 5871 a multiple of 103?
True
Is 3333 a multiple of 101?
True
Does 11 divide 3696?
True
Does 16 divide 16160?
True
Is 39 a factor of 404?
False
Is 15 a factor of 490?
False
Is 22 a factor of 2046?
True
Is 1200 a multiple of 27?
False
Does 10 divide 5940?
True
Is 17600 a multiple of 7?
False
Does 41 divide 800?
False
Does 64 divide 4058?
False
Is 13 a factor of 8514?
False
Does 10 divide 15550?
True
Is 4 a factor of 5912?
True
Is 12 a factor of 652?
False
Does 34 divide 2006?
True
Is 12398 a multiple of 12?
False
Is 85 a factor of 2635?
True
Is 3335 a multiple of 58?
False
Is 39 a factor of 471?
False
Is 11 a factor of 242?
True
Is 13 a factor of 286?
True
Does 83 d